t is w(4)?
4
Suppose -3*u = 2*a + 9, 2*a - 2*u - 4 = 12. Let z(c) = 2*c - 3*c**3 + 6*c + 7 - c**3 - 4*c**2 + 3*c**a. Determine z(-5).
-8
Let p(z) = -1 - 7*z + 8*z - 4. Give p(4).
-1
Let b(v) = 1 + 3*v - 7*v - v**3 + 1 + 5*v**2 + v. Suppose -5*t + 8 + 7 = 0. Determine b(t).
11
Let h = -9 + 8. Let l be ((-3 + -1)*-1)/h. Let c(w) = -w**2 - 2*w + 2. What is c(l)?
-6
Let w(k) = k + 8. Suppose -2*x = -0*x. Suppose 0 = 2*o - x*o + 10. Let a(s) = -s - 7. Let j(t) = o*w(t) - 6*a(t). Give j(-4).
-2
Let m(u) = -11*u + 13*u**2 - 6*u**3 + 10*u**3 + 9*u**3 - 7 + 0. Let x(z) = 7*z**3 + 7*z**2 - 6*z - 4. Let q(c) = 6*m(c) - 11*x(c). Determine q(0).
2
Suppose 0 = -5*k + 1 + 19. Suppose 0 = 2*j + 2*g - 8, -2*g = 4*j - 12 - 4. Let r(s) = -2*s - s + j*s - 3. Give r(k).
1
Let g(z) = -z**3 + 8*z**2 - z + 3. Suppose 0*o + 3*o - 34 = -2*h, 3*o - 19 = h. Let d be g(o). Let c(x) = x**2 + 6*x + 5. Determine c(d).
0
Let v(l) be the third derivative of l**6/60 - l**5/15 + l**4/6 - l**3/3 - 7*l**2. What is v(2)?
6
Suppose 16 = 4*d - 8. Let i(s) = s + 2. Calculate i(d).
8
Let t = -4 - 5. Let x(v) = -v**2 - 10*v - 5. Let r be x(t). Suppose -h - 10 = 2*i, -r*i + h - 14 = -0*h. Let g(q) = q + 1. Give g(i).
-3
Let i(o) = -o**3 - 5*o**2 + 5*o + 1. Let h be i(-6). Let k(n) = n - 2. Determine k(h).
5
Let s(d) = 7*d + 65. Let i be s(-10). Let l(h) be the second derivative of -h + 0 + 1/3*h**3 + 2*h**2. What is l(i)?
-6
Let p(u) = -2*u**3 + 5*u**2 + 2*u - 4. Let d(z) = -z**3. Let s(c) = 3*d(c) - p(c). Let b(j) = j - 2. Let n be b(-2). What is s(n)?
-4
Let g(v) = -3*v**2 + 14*v + 7. Let h be g(5). Let u(n) = -3*n**3 - n**2 + 3*n - 2. Give u(h).
-24
Let s(t) = t**3 - 3*t**2 + t - 2. Let w(g) = -g**2 + 7*g - 5. Let n be w(6). Let q be (-32)/(-14) - (-14)/(-49). Let h = n + q. Calculate s(h).
1
Let u(c) be the second derivative of c**7/2520 - c**6/360 + c**5/120 - c**4/2 + 7*c. Let r(i) be the third derivative of u(i). What is r(1)?
0
Suppose -d - 23 = -3*m, -7*m = -2*m + 2*d - 31. Let a(b) = 2*b - 10. Calculate a(m).
4
Let m = -27 + 22. Let h(p) be the first derivative of p**6/120 + p**5/12 + p**3/2 + 3*p**2/2 + 2. Let w(d) be the second derivative of h(d). Determine w(m).
3
Let o(t) = -7*t + 7*t + 2*t + 9. Give o(-7).
-5
Let o(k) be the third derivative of -k**4/24 - k**3/6 - 3*k**2. What is o(3)?
-4
Let d(a) = -4*a + 6*a - 4*a. Let j be 0 - (3 + (-9 - -4)). Determine d(j).
-4
Let n(t) = 6*t**3 - t**2 + 4*t + 4. Let w(c) = -c**3 - c - 1. Let b(y) = n(y) + 5*w(y). Let z be 4 - (0 + (0 - 0)). Suppose -3 = -z*v + 5. Determine b(v).
1
Let a(c) = -c**2 - 8. Let s be 0/((5 + -2)/3). Let q(d) = -1 + s - 2 + d. Let p be q(3). Determine a(p).
-8
Let n(w) = 3*w**2 + w + 2. Let q(c) = -2*c + 7 + 10*c**2 - 1 - 1 + 5*c. Let r(i) = 7*n(i) - 2*q(i). Let y(k) = k + 3. Let m be y(-3). Determine r(m).
4
Let l(y) = y**3 - 8*y**2 - 10*y + 8. Suppose 11 = 5*w - 4, 0 = g + 5*w - 24. Let j be l(g). Let o(t) = -4*t**2 - t. What is o(j)?
-3
Let n(o) be the first derivative of o**4/24 - o**3/6 - 3*o**2/2 - 1. Let l(q) be the second derivative of n(q). Let d = 5 + -2. Calculate l(d).
2
Let t(r) be the third derivative of -r**5/60 + r**4/4 - r**3/3 + 9*r**2. Give t(6).
-2
Let h(f) be the third derivative of f**7/5040 - f**6/240 - f**5/12 + f**2. Let w(l) be the third derivative of h(l). Determine w(6).
3
Let z(h) = -11*h**3 + h - 1. Let c = -52 - -53. Calculate z(c).
-11
Let o(j) be the first derivative of -2*j**3/3 - j**2/2 - 16. Let m be (-2 - -3)*-1*2. Give o(m).
-6
Suppose -3*i + 60 = 3*i. Let j(g) = g**2 - 8*g - 8. What is j(i)?
12
Let z be 26/10 - (-12)/30. Let g(k) = -2 + k + k - 1 - z*k. Give g(-5).
2
Let s(c) = -2*c**2 - 1. Let l(t) = t**2 + 9*t + 1. Let x be 2*6/(-4)*3. Let f be l(x). Determine s(f).
-3
Let m(s) = 25*s + 24*s - 46*s. What is m(3)?
9
Let l(n) = -4*n. Let w(u) be the first derivative of -u**3/3 - 5*u**2/2 + 3*u + 2. Let x be w(-4). Suppose -y - 4 = f, 5*y - x*f = -3*f - 2. Calculate l(y).
8
Suppose i = -2*a + 9, 0*i - 4*i + 6 = 2*a. Suppose -24 = p - a*b, 4*b - 10 = 5*p + b. Let d(f) = 3*f**3 + 3 - 4*f + 4*f**2 - 2*f**3 + p. Calculate d(-5).
-1
Suppose -39 = -4*t + 5*d, -4*t + 8 + 10 = 2*d. Let u(l) = -l**2 + 4*l + 1. Give u(t).
-11
Let s(n) = -n**2 + 8*n - 8. Let x be s(6). Let z(o) be the third derivative of o**5/60 - o**4/8 - o**3/3 - 42*o**2 - 2. Give z(x).
2
Let h(c) be the third derivative of -c**5/60 + 3*c**4/8 - 5*c**3/6 - 4*c**2. Determine h(4).
15
Suppose 2*b = -0*b - 16. Let c = -5 - b. Let w(l) = -l**3 + 2*l - 2*l - l**2 + l + c. What is w(0)?
3
Let u(r) be the second derivative of 0 - 2*r**2 + 3*r - 1/6*r**3. Calculate u(3).
-7
Let z(t) = -8*t**3 + 4*t**2 - 32*t - 9. Let y(v) = -3*v**3 + v**2 - 11*v - 3. Let d(b) = 11*y(b) - 4*z(b). Let a be (48/(-3))/(-4) + -10. Determine d(a).
-3
Suppose 2*m + 2*o - 30 = 0, -4*m - 5*o + 64 = -0*o. Suppose -25 - m = -3*h. Suppose -w + 0*l + 16 = 3*l, -w - 2*l + h = 0. Let s(j) = -2*j + 4. What is s(w)?
-4
Let p(u) = -u**3 - 2 - 4*u**2 + 3*u**2 + 5*u + 5. Let v(x) = -x + 1. Let m be v(4). Give p(m).
6
Let d(z) = -9*z + 15. Let f(p) = 5*p - 8. Let q(j) = 4*d(j) + 7*f(j). Let x be q(0). Let b(w) = w**2 - 4*w - 2. Calculate b(x).
-2
Let a(j) be the second derivative of j**4/8 - j**2 - 4*j. Let c(z) be the first derivative of a(z). Determine c(2).
6
Let b(p) = p**2 + 6*p + 7. Let z be b(-5). Let k(c) = 7 - c**2 + c**3 + c - 8 - c**2. Determine k(z).
1
Let i(r) be the third derivative of -r**5/60 - 3*r**4/8 - 4*r**3/3 - 39*r**2. Calculate i(-8).
0
Suppose 3*j - 4*l - 6 = -3*l, 2*l + 9 = 5*j. Let b(a) = 2*a**3 - 2 + 1 - 4*a**2 + 6*a - 3*a**3 + 0*a**j. What is b(-5)?
-6
Let h(x) be the first derivative of -x**2/2 - 3*x - 2. Suppose 0 = -4*d - 0*d + 24. Let c = d + -10. Calculate h(c).
1
Let o(j) = -7. Let u(n) = -10. Let l(p) = 7*o(p) - 5*u(p). Let m(y) = y**2 - 5. Let d(k) = l(k) + m(k). Determine d(3).
5
Let g be (2/4)/(5/20). Let w(h) = 0*h + 0*h + 5 + g*h. Calculate w(-4).
-3
Let n(u) = u**3 - u**2 - 3. Suppose 0 = -2*z + z. Determine n(z).
-3
Let n(x) = x**2 - 5*x - 1. Let y = -131 - -135. Give n(y).
-5
Suppose -2*z + 5*w - 17 = 0, 4*z + 14 - 4 = 2*w. Let j be (2 + z)*(-2 + 1). Let y(g) = -15*g**2 + 2*g + 1. Give y(j).
-16
Let q(t) be the third derivative of t**6/360 + 7*t**5/120 + t**4/4 - t**3/6 + 5*t**2. Let u(b) be the first derivative of q(b). Give u(-4).
-6
Let f(b) be the first derivative of 5*b + 5/2*b**2 + 2 + 5/3*b**3 + 1/4*b**4. Let x be 2/(-1 - 0)*2. Determine f(x).
1
Let h(c) = 0*c + 0*c - 1 - c. Let b(r) = -r**2 + 10*r - 8. Let t be b(9). Suppose 0*s + s = -t. Determine h(s).
0
Let t(d) be the third derivative of d**4/24 - d**3 - 6*d**2. Determine t(-5).
-11
Let d(i) be the second derivative of 0 + 2*i**2 + i + 1/2*i**3. Give d(-3).
-5
Let p be 2/(-8) - 52/(-16). Let a(o) be the first derivative of o**4/12 + o**3/6 - 2*o**2 - 3*o - 1. Let y(w) be the first derivative of a(w). What is y(p)?
8
Let x(p) be the first derivative of -4 + 0*p + 1/3*p**3 + 3/2*p**2. What is x(-3)?
0
Let q(f) be the second derivative of -7*f**4/12 - 7*f. Determine q(1).
-7
Let i(b) = 13*b - 33. Let r be i(3). Let m(f) = -f + 8. What is m(r)?
2
Let o(h) = -h + 5. Suppose -2*p = 5*w - 15, w - 11 - 5 = -3*p. What is o(p)?
0
Let w(r) = 2*r**3 + 2*r**2 - 3*r - 3. Let z be w(-2). Let m(c) = 2*c + 7. Let a be m(z). Let b(t) = -t - 1. Determine b(a).
2
Let f(g) be the third derivative of g**6/120 - g**5/60 - g**4/12 - 2*g**3/3 - 6*g**2. Determine f(3).
8
Let a(n) = 4*n + 1. Let l be a(-1). Let v(s) = s + 1. Determine v(l).
-2
Let v be 4 + -3 + -8*1. Let u(o) = 4*o + 1. Let y(b) = 9*b + 1. Let w(d) = v*u(d) + 3*y(d). Let c = -5 - -8. Give w(c).
-7
Let z(j) = -j**3 - 9*j**2 - 9*j - 3. Let t be z(-8). Let h = 5 + -3. Let g(i) = 5*i**h + 0*i**3 - 3*i**3 + 2*i**3 + 0 + 3. What is g(t)?
3
Let h(a) = -4*a - 4. Let z(n) = 4*n + 5. Let p = 0 + 4. Let f(q) = p*h(q) + 3*z(q). Suppose 2*o + 0*o = -4. What is f(o)?
7
Suppose -3*j + 8 = 2. Let l(f) = j + 0*f**2 - 2 - 3 - f**2 - 3*f. What is l(-2)?
-1
Suppose -3*t - 3 = -0. Let x = -8 - -9. Let z(g) = x + 7*g + 3 + 1 - 4. Give z(t).
-6
Let h(l) be the second derivative of -l**3/6 - l**2 - 8*l. Calculate h(-5).
3
Let i(j) = 24*j**2 + 0*j**3 + 3*j**3 - 21*j**2. Let a = -3 + 1. Calculate i(a).
-12
Let f(t) = t**2. Let q be (1